775?
False
Is 148191 a multiple of 21?
False
Does 13 divide 231941320?
True
Is 23 a factor of 1064489151?
True
Is 514 a factor of 587325799?
False
Does 151 divide 449587702?
True
Does 8 divide 3107206680?
True
Is 48542743 a multiple of 9?
False
Does 25 divide 2042596?
False
Is 1461404 a multiple of 890?
False
Does 202 divide 21215923?
False
Does 608 divide 48964620?
False
Is 16870974 a multiple of 24?
False
Does 99 divide 16829204?
False
Is 132061319 a multiple of 542?
False
Is 83 a factor of 1145866626?
True
Is 47824944 a multiple of 258?
True
Is 325 a factor of 3801525?
True
Is 87405391 a multiple of 181?
False
Does 28 divide 69047972?
True
Is 17129756 a multiple of 134?
True
Is 353343468 a multiple of 135?
False
Is 6687278 a multiple of 13?
True
Is 125251008 a multiple of 113?
True
Does 5 divide 2515885?
True
Is 75131004 a multiple of 1833?
True
Does 15 divide 13317855?
True
Is 3420187584 a multiple of 4163?
True
Does 445 divide 11553535?
True
Is 396 a factor of 1187076749?
False
Is 97 a factor of 34531827?
False
Is 137182078 a multiple of 869?
True
Is 57 a factor of 131362314?
True
Does 154 divide 91063?
False
Is 62066116 a multiple of 476?
True
Is 634214592 a multiple of 6036?
True
Is 20 a factor of 59751359?
False
Does 14 divide 639552212?
False
Does 68 divide 654678833?
False
Is 306063975 a multiple of 1239?
True
Is 67 a factor of 58688851?
True
Is 15103600 a multiple of 488?
True
Does 2391 divide 1099545491?
False
Is 78 a factor of 785327290?
False
Does 111 divide 35591043?
False
Is 615 a factor of 835395219?
False
Is 1737 a factor of 29701571?
False
Is 42041702 a multiple of 732?
False
Is 11803771 a multiple of 20?
False
Is 3022 a factor of 659910338?
False
Is 22425090 a multiple of 186?
True
Is 6284 a factor of 1033479208?
True
Does 7 divide 58847530?
True
Is 312783674 a multiple of 581?
True
Is 28 a factor of 1365949559?
False
Is 25 a factor of 504218759?
False
Is 440801250 a multiple of 20?
False
Is 24 a factor of 5486352?
True
Is 69 a factor of 713988747?
True
Does 2430 divide 275996970?
True
Does 18 divide 63298350?
True
Is 31 a factor of 85057418?
False
Does 11 divide 386908346?
True
Is 4 a factor of 343765250?
False
Does 41 divide 300707971?
False
Does 251 divide 523856855?
False
Is 574872293 a multiple of 234?
False
Is 414714900 a multiple of 190?
True
Is 10184498 a multiple of 479?
True
Does 1156 divide 109657535?
False
Does 4 divide 19150024?
True
Is 9 a factor of 52803831?
False
Does 37 divide 711542782?
True
Is 394543883 a multiple of 7?
False
Does 197 divide 66102365?
True
Is 21645431 a multiple of 371?
False
Is 54 a factor of 81428435?
False
Is 96733905 a multiple of 2008?
False
Is 76280955 a multiple of 6?
False
Is 82 a factor of 1524853115?
False
Is 65 a factor of 145627690?
True
Does 34 divide 1822026?
True
Is 21 a factor of 5486220?
False
Is 1693297170 a multiple of 321?
False
Is 4000 a factor of 555323054?
False
Does 1929 divide 43055280?
True
Does 10 divide 43810920?
True
Is 299478010 a multiple of 1471?
False
Is 76279111 a multiple of 2?
False
Is 1393474964 a multiple of 6?
False
Is 7 a factor of 60457490?
False
Does 441 divide 189645069?
False
Does 18 divide 326378853?
False
Does 855 divide 640944852?
False
Is 262 a factor of 2556580403?
False
Is 16 a factor of 123205486?
False
Is 26 a factor of 128755108?
False
Is 45 a factor of 2969174981?
False
Is 196 a factor of 1566188502?
False
Is 112143120 a multiple of 1488?
True
Is 58 a factor of 207251161?
False
Is 12 a factor of 37615880?
False
Is 24746139 a multiple of 15?
False
Does 3627 divide 1730911264?
False
Does 15 divide 2185709640?
True
Does 15 divide 22049745?
True
Does 917 divide 9967417?
False
Does 86 divide 523759031?
False
Does 178 divide 8524242?
True
Does 131 divide 143038814?
False
Does 27 divide 11612866?
False
Is 51703860 a multiple of 52?
True
Does 51 divide 2494649598?
True
Does 6 divide 64570344?
True
Is 155 a factor of 69267080?
False
Is 34171675 a multiple of 3477?
False
Is 296 a factor of 3449288?
True
Is 618219473 a multiple of 5?
False
Is 227 a factor of 150042131?
False
Is 54 a factor of 3194943060?
False
Is 134 a factor of 301524780?
False
Does 1525 divide 325730415?
False
Does 1729 divide 40676475?
False
Is 372 a factor of 56159724?
True
Is 17991688 a multiple of 400?
False
Does 6517 divide 1443092090?
False
Does 3296 divide 63171136?
True
Is 85966773 a multiple of 19?
True
Does 633 divide 60023592?
True
Is 1236596445 a multiple of 1043?
True
Does 15 divide 1134379?
False
Is 14 a factor of 28140714?
True
Does 26 divide 166976932?
False
Is 529214376 a multiple of 1594?
True
Does 3366 divide 1122799986?
True
Is 2071848 a multiple of 35?
False
Does 39 divide 382492578?
True
Is 42 a factor of 37552505?
False
Is 2906536 a multiple of 76?
False
Is 23257836 a multiple of 239?
False
Does 45 divide 266237505?
True
Does 1048 divide 52570152?
False
Is 92 a factor of 561249128?
True
Is 156487282 a multiple of 1442?
True
Is 1138622063 a multiple of 492?
False
Does 7 divide 44717234?
False
Does 14 divide 131501221?
False
Does 2670 divide 130007640?
True
Is 793 a factor of 1829245613?
True
Is 10592 a multiple of 2?
True
Does 304 divide 36835932?
False
Does 54 divide 15736572?
True
Does 3 divide 366351720?
True
Is 241 a factor of 643914534?
False
Is 521983410 a multiple of 141?
True
Does 816 divide 757444656?
True
Is 16 a factor of 1908305732?
False
Is 55526331 a multiple of 71?
True
Is 31665116 a multiple of 134?
False
Is 118767248 a multiple of 3755?
False
Is 1570 a factor of 16100841?
False
Is 4 a factor of 4337504?
True
Is 362 a factor of 105673647?
False
Is 64 a factor of 749653937?
False
Does 877 divide 1047271304?
True
Is 17 a factor of 122703544?
False
Is 2753 a factor of 217497406?
False
Is 1561 a factor of 3714694180?
False
Is 65146943 a multiple of 7?
False
Is 6 a factor of 703380635?
False
Is 4304412 a multiple of 279?
True
Does 128 divide 1034105012?
False
Does 208 divide 641736579?
False
Is 16 a factor of 112241328?
True
Does 75 divide 46778475?
True
Is 2844 a factor of 25587468?
True
Does 65 divide 325165165?
True
Is 212338560 a multiple of 560?
True
Is 103 a factor of 16294470?
False
Is 1046597215 a multiple of 11?
False
Is 53 a factor of 9201595?
True
Is 11 a factor of 652510056?
True
Is 4619774 a multiple of 56?
False
Is 39033955 a multiple of 5?
True
Does 565 divide 134502770?
True
Is 7538071 a multiple of 132?
False
Is 20 a factor of 357036800?
True
Does 1763 divide 21328774?
True
Does 3262 divide 176370063?
False
Is 611 a factor of 91013094?
False
Is 292 a factor of 83290956?
True
Is 1821909753 a multiple of 3761?
False
Does 89 divide 5958250515?
True
Is 4497515300 a multiple of 8?
False
Is 1384933496 a multiple of 155?
False
Does 499 divide 13405136?
True
Is 7858 a factor of 208959936?
True
Is 866 a factor of 69677164?
False
Is 615 a factor of 79751970?
True
Does 20 divide 79993957?
False
Is 351955898 a multiple of 152?
False
Is 18 a factor of 5543442?
True
Is 374 a factor of 96527156?
True
Is 13210953 a multiple of 544?
False
Does 15 divide 212268928?
False
Is 22430313 a multiple of 113?
False
Is 25254276 a multiple of 3404?
True
Does 149 divide 112030616?
False
Is 294 a factor of 7538454?
True
Is 195 a factor of 71896695?
True
Is 22796718 a multiple of 42?
True
Is 501 a factor of 502471075?
False
Is 14 a factor of 129275734?
True
Does 2324 divide 1402896544?
True
Does 63 divide 15964137?
True
Is 274 a factor of 27273275?
False
Does 43 divide 2249185555?
False
Is 55566632 a multiple of 61?
False
Does 661 divide 1648762706?
True
Is 2175298 a multiple of 96?
False
Is 84 a factor of 15846516?
True
Is 97 a factor of 15763567?
True
Does 14253 divide 6535662884?
False
Does 12 divide 1011714677?
False
Is 2 a factor of 161023588?
True
Is 192 a factor of 6745506?
False
Is 197336407 a multiple of 701?
True
Is 781477158 a multiple of 2661?
True
Does 17 divide 30788632?
True
Does 59 divide 2716174906?
False
Does 19 divide 32054900?
True
Is 166 a factor of 164752676?
True
Is 28 a factor of 444640?
True
Does 12 divide 431245080?
True
Is 23365602 a multiple of 1014?
True
Does 4 divide 1510659?
False
Does 19 divide 70900628?
True
Is 166342753 a multiple of 28?
False
Does 7 divide 27342714?
True
Does 25 divide 21792720?
False
Does 2847 divide 8